{"id":87,"date":"2023-07-12T10:07:52","date_gmt":"2023-07-12T08:07:52","guid":{"rendered":"https:\/\/www.maculart.com\/?page_id=87"},"modified":"2023-08-25T12:04:20","modified_gmt":"2023-08-25T10:04:20","slug":"grup-maculart","status":"publish","type":"page","link":"https:\/\/www.maculart.com\/es\/grup-maculart\/","title":{"rendered":"Grup Maculart"},"content":{"rendered":"\t\t<div data-elementor-type=\"wp-page\" data-elementor-id=\"87\" class=\"elementor elementor-87\">\n\t\t\t\t<div class=\"elementor-element elementor-element-1847d0e e-flex e-con-boxed e-con e-parent\" data-id=\"1847d0e\" data-element_type=\"container\" data-e-type=\"container\">\n\t\t\t\t\t<div class=\"e-con-inner\">\n\t\t<div class=\"elementor-element elementor-element-2921a08 e-flex e-con-boxed e-con e-parent\" data-id=\"2921a08\" data-element_type=\"container\" data-e-type=\"container\">\n\t\t\t\t\t<div class=\"e-con-inner\">\n\t\t\t\t<div class=\"elementor-element elementor-element-4823e09 line-height-2 elementor-widget elementor-widget-text-editor\" data-id=\"4823e09\" data-element_type=\"widget\" data-e-type=\"widget\" data-widget_type=\"text-editor.default\">\n\t\t\t\t<div class=\"elementor-widget-container\">\n\t\t\t\t\t\t\t\t\t<p>El sector del embalaje se ha convertido en un elemento cotidiano esencial. Ahora el packaging forma parte intr\u00ednseca de la imagen del producto y en Grup Maculart trabajamos para que se ajuste a la perfecci\u00f3n con la imagen que quieren proyectar nuestros clientes. Con una producci\u00f3n anual de 100 millones de estuches, el packaging farmac\u00e9utico es una de las principales actividades de Grup Maculart desde nuestros inicios hace m\u00e1s de 50 a\u00f1os.<\/p><p>Hemos incorporado la <b>tecnolog\u00eda digital<\/b> para complementar nuestro servicio de <b>impresi\u00f3n offset <\/b>y, en los \u00faltimos a\u00f1os, tambi\u00e9n ofrecemos <b>soluciones de PLV<\/b> para poder brindar un servicio integral a nuestros clientes.<\/p><p>Sabemos que la tecnolog\u00eda por s\u00ed sola no es suficiente para lograr el \u00e9xito. En pleno siglo XXI, la impresi\u00f3n sigue teniendo un componente humano que es lo que marca la diferencia para obtener un resultado de la m\u00e1xima calidad. Estamos convencidos que las artes gr\u00e1ficas son una industria de oficio. Por eso, impulsamos la formaci\u00f3n de nuestro equipo y su desarrollo dentro de la compa\u00f1\u00eda. As\u00ed, conseguimos aunar la mejor tecnolog\u00eda con un equipo de profesionales especializados en cada fase del proceso de impresi\u00f3n y llegamos al alto est\u00e1ndar de calidad de Grup Maculart, establecido tras m\u00e1s de medio siglo de servicio continuado a la industria farmac\u00e9utica.<\/p>\t\t\t\t\t\t\t\t<\/div>\n\t\t\t\t<\/div>\n\t\t\t\t\t<\/div>\n\t\t\t\t<\/div>\n\t\t\t\t\t<\/div>\n\t\t\t\t<\/div>\n\t\t<div class=\"elementor-element elementor-element-2307195 e-flex e-con-boxed e-con e-parent\" data-id=\"2307195\" data-element_type=\"container\" data-e-type=\"container\">\n\t\t\t\t\t<div class=\"e-con-inner\">\n\t\t<div class=\"elementor-element elementor-element-6decdc7 e-con-full e-flex e-con e-parent\" data-id=\"6decdc7\" data-element_type=\"container\" data-e-type=\"container\" data-settings=\"{&quot;background_background&quot;:&quot;classic&quot;}\">\n\t\t\t\t<div class=\"elementor-element elementor-element-21776ed elementor-widget elementor-widget-heading\" data-id=\"21776ed\" data-element_type=\"widget\" data-e-type=\"widget\" data-widget_type=\"heading.default\">\n\t\t\t\t<div class=\"elementor-widget-container\">\n\t\t\t\t\t<h3 class=\"elementor-heading-title elementor-size-default\">HABLEMOS<\/h3>\t\t\t\t<\/div>\n\t\t\t\t<\/div>\n\t\t\t\t<div class=\"elementor-element elementor-element-799f946 elementor-widget__width-inherit elementor-widget elementor-widget-heading\" data-id=\"799f946\" data-element_type=\"widget\" data-e-type=\"widget\" data-widget_type=\"heading.default\">\n\t\t\t\t<div class=\"elementor-widget-container\">\n\t\t\t\t\t<h2 class=\"elementor-heading-title elementor-size-default\">Contacta con nosotros\ny cu\u00e9ntanos tu proyecto<\/h2>\t\t\t\t<\/div>\n\t\t\t\t<\/div>\n\t\t\t\t<div class=\"elementor-element elementor-element-9d629f8 button-container elementor-widget elementor-widget-button\" data-id=\"9d629f8\" data-element_type=\"widget\" data-e-type=\"widget\" data-widget_type=\"button.default\">\n\t\t\t\t<div class=\"elementor-widget-container\">\n\t\t\t\t\t\t\t\t\t<div class=\"elementor-button-wrapper\">\n\t\t\t\t\t<a class=\"elementor-button elementor-button-link elementor-size-sm\" href=\"https:\/\/www.maculart.com\/contacto\/\">\n\t\t\t\t\t\t<span class=\"elementor-button-content-wrapper\">\n\t\t\t\t\t\t\t\t\t<span class=\"elementor-button-text\">Cont\u00e1ctanos<\/span>\n\t\t\t\t\t<\/span>\n\t\t\t\t\t<\/a>\n\t\t\t\t<\/div>\n\t\t\t\t\t\t\t\t<\/div>\n\t\t\t\t<\/div>\n\t\t\t\t<\/div>\n\t\t<div class=\"elementor-element elementor-element-300c0da e-flex e-con-boxed e-con e-parent\" data-id=\"300c0da\" data-element_type=\"container\" data-e-type=\"container\" data-settings=\"{&quot;background_background&quot;:&quot;classic&quot;}\">\n\t\t\t\t\t<div class=\"e-con-inner\">\n\t\t\t\t\t<\/div>\n\t\t\t\t<\/div>\n\t\t\t\t\t<\/div>\n\t\t\t\t<\/div>\n\t\t\t\t<\/div>\n\t\t","protected":false},"excerpt":{"rendered":"<p>El sector del embalaje se ha convertido en un elemento cotidiano esencial. Ahora el packaging forma parte intr\u00ednseca de la imagen del producto y en Grup Maculart trabajamos para que&#8230;<\/p>\n","protected":false},"author":1,"featured_media":151,"parent":0,"menu_order":0,"comment_status":"closed","ping_status":"closed","template":"","meta":{"_acf_changed":false,"inline_featured_image":false,"footnotes":""},"class_list":["post-87","page","type-page","status-publish","has-post-thumbnail","hentry"],"acf":[],"yoast_head":"<!-- This site is optimized with the Yoast SEO plugin v27.4 - https:\/\/yoast.com\/product\/yoast-seo-wordpress\/ -->\n<title>Grup Maculart - Maculart<\/title>\n<meta name=\"robots\" content=\"index, follow, max-snippet:-1, max-image-preview:large, max-video-preview:-1\" \/>\n<link rel=\"canonical\" href=\"https:\/\/www.maculart.com\/es\/grup-maculart\/\" \/>\n<meta property=\"og:locale\" content=\"es_ES\" \/>\n<meta property=\"og:type\" content=\"article\" \/>\n<meta property=\"og:title\" content=\"Grup Maculart - Maculart\" \/>\n<meta property=\"og:description\" content=\"El sector del embalaje se ha convertido en un elemento cotidiano esencial. Ahora el packaging forma parte intr\u00ednseca de la imagen del producto y en Grup Maculart trabajamos para que...\" \/>\n<meta property=\"og:url\" content=\"https:\/\/www.maculart.com\/es\/grup-maculart\/\" \/>\n<meta property=\"og:site_name\" content=\"Maculart\" \/>\n<meta property=\"article:modified_time\" content=\"2023-08-25T10:04:20+00:00\" \/>\n<meta property=\"og:image\" content=\"https:\/\/www.maculart.com\/app\/uploads\/2023\/07\/Rectangle-4-1.jpg\" \/>\n\t<meta property=\"og:image:width\" content=\"712\" \/>\n\t<meta property=\"og:image:height\" content=\"600\" \/>\n\t<meta property=\"og:image:type\" content=\"image\/jpeg\" \/>\n<meta name=\"twitter:card\" content=\"summary_large_image\" \/>\n<meta name=\"twitter:label1\" content=\"Tiempo de lectura\" \/>\n\t<meta name=\"twitter:data1\" content=\"2 minutos\" \/>\n<script type=\"application\/ld+json\" class=\"yoast-schema-graph\">{\"@context\":\"https:\\\/\\\/schema.org\",\"@graph\":[{\"@type\":\"WebPage\",\"@id\":\"https:\\\/\\\/www.maculart.com\\\/es\\\/grup-maculart\\\/\",\"url\":\"https:\\\/\\\/www.maculart.com\\\/es\\\/grup-maculart\\\/\",\"name\":\"Grup Maculart - Maculart\",\"isPartOf\":{\"@id\":\"https:\\\/\\\/www.maculart.com\\\/es\\\/#website\"},\"primaryImageOfPage\":{\"@id\":\"https:\\\/\\\/www.maculart.com\\\/es\\\/grup-maculart\\\/#primaryimage\"},\"image\":{\"@id\":\"https:\\\/\\\/www.maculart.com\\\/es\\\/grup-maculart\\\/#primaryimage\"},\"thumbnailUrl\":\"https:\\\/\\\/www.maculart.com\\\/app\\\/uploads\\\/2023\\\/07\\\/Rectangle-4-1.jpg\",\"datePublished\":\"2023-07-12T08:07:52+00:00\",\"dateModified\":\"2023-08-25T10:04:20+00:00\",\"inLanguage\":\"es\",\"potentialAction\":[{\"@type\":\"ReadAction\",\"target\":[\"https:\\\/\\\/www.maculart.com\\\/es\\\/grup-maculart\\\/\"]}]},{\"@type\":\"ImageObject\",\"inLanguage\":\"es\",\"@id\":\"https:\\\/\\\/www.maculart.com\\\/es\\\/grup-maculart\\\/#primaryimage\",\"url\":\"https:\\\/\\\/www.maculart.com\\\/app\\\/uploads\\\/2023\\\/07\\\/Rectangle-4-1.jpg\",\"contentUrl\":\"https:\\\/\\\/www.maculart.com\\\/app\\\/uploads\\\/2023\\\/07\\\/Rectangle-4-1.jpg\",\"width\":712,\"height\":600},{\"@type\":\"WebSite\",\"@id\":\"https:\\\/\\\/www.maculart.com\\\/es\\\/#website\",\"url\":\"https:\\\/\\\/www.maculart.com\\\/es\\\/\",\"name\":\"Maculart\",\"description\":\"\",\"potentialAction\":[{\"@type\":\"SearchAction\",\"target\":{\"@type\":\"EntryPoint\",\"urlTemplate\":\"https:\\\/\\\/www.maculart.com\\\/es\\\/?s={search_term_string}\"},\"query-input\":{\"@type\":\"PropertyValueSpecification\",\"valueRequired\":true,\"valueName\":\"search_term_string\"}}],\"inLanguage\":\"es\"}]}<\/script>\n<!-- \/ Yoast SEO plugin. -->","yoast_head_json":{"title":"Grup Maculart - Maculart","robots":{"index":"index","follow":"follow","max-snippet":"max-snippet:-1","max-image-preview":"max-image-preview:large","max-video-preview":"max-video-preview:-1"},"canonical":"https:\/\/www.maculart.com\/es\/grup-maculart\/","og_locale":"es_ES","og_type":"article","og_title":"Grup Maculart - Maculart","og_description":"El sector del embalaje se ha convertido en un elemento cotidiano esencial. Ahora el packaging forma parte intr\u00ednseca de la imagen del producto y en Grup Maculart trabajamos para que...","og_url":"https:\/\/www.maculart.com\/es\/grup-maculart\/","og_site_name":"Maculart","article_modified_time":"2023-08-25T10:04:20+00:00","og_image":[{"width":712,"height":600,"url":"https:\/\/www.maculart.com\/app\/uploads\/2023\/07\/Rectangle-4-1.jpg","type":"image\/jpeg"}],"twitter_card":"summary_large_image","twitter_misc":{"Tiempo de lectura":"2 minutos"},"schema":{"@context":"https:\/\/schema.org","@graph":[{"@type":"WebPage","@id":"https:\/\/www.maculart.com\/es\/grup-maculart\/","url":"https:\/\/www.maculart.com\/es\/grup-maculart\/","name":"Grup Maculart - Maculart","isPartOf":{"@id":"https:\/\/www.maculart.com\/es\/#website"},"primaryImageOfPage":{"@id":"https:\/\/www.maculart.com\/es\/grup-maculart\/#primaryimage"},"image":{"@id":"https:\/\/www.maculart.com\/es\/grup-maculart\/#primaryimage"},"thumbnailUrl":"https:\/\/www.maculart.com\/app\/uploads\/2023\/07\/Rectangle-4-1.jpg","datePublished":"2023-07-12T08:07:52+00:00","dateModified":"2023-08-25T10:04:20+00:00","inLanguage":"es","potentialAction":[{"@type":"ReadAction","target":["https:\/\/www.maculart.com\/es\/grup-maculart\/"]}]},{"@type":"ImageObject","inLanguage":"es","@id":"https:\/\/www.maculart.com\/es\/grup-maculart\/#primaryimage","url":"https:\/\/www.maculart.com\/app\/uploads\/2023\/07\/Rectangle-4-1.jpg","contentUrl":"https:\/\/www.maculart.com\/app\/uploads\/2023\/07\/Rectangle-4-1.jpg","width":712,"height":600},{"@type":"WebSite","@id":"https:\/\/www.maculart.com\/es\/#website","url":"https:\/\/www.maculart.com\/es\/","name":"Maculart","description":"","potentialAction":[{"@type":"SearchAction","target":{"@type":"EntryPoint","urlTemplate":"https:\/\/www.maculart.com\/es\/?s={search_term_string}"},"query-input":{"@type":"PropertyValueSpecification","valueRequired":true,"valueName":"search_term_string"}}],"inLanguage":"es"}]}},"_links":{"self":[{"href":"https:\/\/www.maculart.com\/es\/wp-json\/wp\/v2\/pages\/87","targetHints":{"allow":["GET"]}}],"collection":[{"href":"https:\/\/www.maculart.com\/es\/wp-json\/wp\/v2\/pages"}],"about":[{"href":"https:\/\/www.maculart.com\/es\/wp-json\/wp\/v2\/types\/page"}],"author":[{"embeddable":true,"href":"https:\/\/www.maculart.com\/es\/wp-json\/wp\/v2\/users\/1"}],"replies":[{"embeddable":true,"href":"https:\/\/www.maculart.com\/es\/wp-json\/wp\/v2\/comments?post=87"}],"version-history":[{"count":201,"href":"https:\/\/www.maculart.com\/es\/wp-json\/wp\/v2\/pages\/87\/revisions"}],"predecessor-version":[{"id":1933,"href":"https:\/\/www.maculart.com\/es\/wp-json\/wp\/v2\/pages\/87\/revisions\/1933"}],"wp:featuredmedia":[{"embeddable":true,"href":"https:\/\/www.maculart.com\/es\/wp-json\/wp\/v2\/media\/151"}],"wp:attachment":[{"href":"https:\/\/www.maculart.com\/es\/wp-json\/wp\/v2\/media?parent=87"}],"curies":[{"name":"wp","href":"https:\/\/api.w.org\/{rel}","templated":true}]}}

<div data-elementor-type="wp-page" data-elementor-id="87" class="elementor elementor-87">
				<div class="elementor-element elementor-element-1847d0e e-flex e-con-boxed e-con e-parent" data-id="1847d0e" data-element_type="container" data-e-type="container">
					<div class="e-con-inner">
		<div class="elementor-element elementor-element-2921a08 e-flex e-con-boxed e-con e-parent" data-id="2921a08" data-element_type="container" data-e-type="container">
					<div class="e-con-inner">
				<div class="elementor-element elementor-element-4823e09 line-height-2 elementor-widget elementor-widget-text-editor" data-id="4823e09" data-element_type="widget" data-e-type="widget" data-widget_type="text-editor.default">
				<div class="elementor-widget-container">
									<p>El sector del embalaje se ha convertido en un elemento cotidiano esencial. Ahora el packaging forma parte intrínseca de la imagen del producto y en Grup Maculart trabajamos para que se ajuste a la perfección con la imagen que quieren proyectar nuestros clientes. Con una producción anual de 100 millones de estuches, el packaging farmacéutico es una de las principales actividades de Grup Maculart desde nuestros inicios hace más de 50 años.</p><p>Hemos incorporado la <b>tecnología digital</b> para complementar nuestro servicio de <b>impresión offset </b>y, en los últimos años, también ofrecemos <b>soluciones de PLV</b> para poder brindar un servicio integral a nuestros clientes.</p><p>Sabemos que la tecnología por sí sola no es suficiente para lograr el éxito. En pleno siglo XXI, la impresión sigue teniendo un componente humano que es lo que marca la diferencia para obtener un resultado de la máxima calidad. Estamos convencidos que las artes gráficas son una industria de oficio. Por eso, impulsamos la formación de nuestro equipo y su desarrollo dentro de la compañía. Así, conseguimos aunar la mejor tecnología con un equipo de profesionales especializados en cada fase del proceso de impresión y llegamos al alto estándar de calidad de Grup Maculart, establecido tras más de medio siglo de servicio continuado a la industria farmacéutica.</p>								</div>
				</div>
					</div>
				</div>
					</div>
				</div>
		<div class="elementor-element elementor-element-2307195 e-flex e-con-boxed e-con e-parent" data-id="2307195" data-element_type="container" data-e-type="container">
					<div class="e-con-inner">
		<div class="elementor-element elementor-element-6decdc7 e-con-full e-flex e-con e-parent" data-id="6decdc7" data-element_type="container" data-e-type="container" data-settings="{&quot;background_background&quot;:&quot;classic&quot;}">
				<div class="elementor-element elementor-element-21776ed elementor-widget elementor-widget-heading" data-id="21776ed" data-element_type="widget" data-e-type="widget" data-widget_type="heading.default">
				<div class="elementor-widget-container">
					<h3 class="elementor-heading-title elementor-size-default">HABLEMOS</h3>				</div>
				</div>
				<div class="elementor-element elementor-element-799f946 elementor-widget__width-inherit elementor-widget elementor-widget-heading" data-id="799f946" data-element_type="widget" data-e-type="widget" data-widget_type="heading.default">
				<div class="elementor-widget-container">
					<h2 class="elementor-heading-title elementor-size-default">Contacta con nosotros
y cuéntanos tu proyecto</h2>				</div>
				</div>
				<div class="elementor-element elementor-element-9d629f8 button-container elementor-widget elementor-widget-button" data-id="9d629f8" data-element_type="widget" data-e-type="widget" data-widget_type="button.default">
				<div class="elementor-widget-container">
									<div class="elementor-button-wrapper">
					<a class="elementor-button elementor-button-link elementor-size-sm" href="https://www.maculart.com/contacto/">
						<span class="elementor-button-content-wrapper">
									<span class="elementor-button-text">Contáctanos</span>
					</span>
					</a>
				</div>
								</div>
				</div>
				</div>
		<div class="elementor-element elementor-element-300c0da e-flex e-con-boxed e-con e-parent" data-id="300c0da" data-element_type="container" data-e-type="container" data-settings="{&quot;background_background&quot;:&quot;classic&quot;}">
					<div class="e-con-inner">
					</div>
				</div>
					</div>
				</div>
				</div>

<p>El sector del embalaje se ha convertido en un elemento cotidiano esencial. Ahora el packaging forma parte intrínseca de la imagen del producto y en Grup Maculart trabajamos para que&#8230;</p>

<!-- This site is optimized with the Yoast SEO plugin v27.4 - https://yoast.com/product/yoast-seo-wordpress/ -->
<title>Grup Maculart - Maculart</title>
<meta name="robots" content="index, follow, max-snippet:-1, max-image-preview:large, max-video-preview:-1" />
<link rel="canonical" href="https://www.maculart.com/es/grup-maculart/" />
<meta property="og:locale" content="es_ES" />
<meta property="og:type" content="article" />
<meta property="og:title" content="Grup Maculart - Maculart" />
<meta property="og:description" content="El sector del embalaje se ha convertido en un elemento cotidiano esencial. Ahora el packaging forma parte intrínseca de la imagen del producto y en Grup Maculart trabajamos para que..." />
<meta property="og:url" content="https://www.maculart.com/es/grup-maculart/" />
<meta property="og:site_name" content="Maculart" />
<meta property="article:modified_time" content="2023-08-25T10:04:20+00:00" />
<meta property="og:image" content="https://www.maculart.com/app/uploads/2023/07/Rectangle-4-1.jpg" />
	<meta property="og:image:width" content="712" />
	<meta property="og:image:height" content="600" />
	<meta property="og:image:type" content="image/jpeg" />
<meta name="twitter:card" content="summary_large_image" />
<meta name="twitter:label1" content="Tiempo de lectura" />
	<meta name="twitter:data1" content="2 minutos" />
<script type="application/ld+json" class="yoast-schema-graph">{"@context":"https:\/\/schema.org","@graph":[{"@type":"WebPage","@id":"https:\/\/www.maculart.com\/es\/grup-maculart\/","url":"https:\/\/www.maculart.com\/es\/grup-maculart\/","name":"Grup Maculart - Maculart","isPartOf":{"@id":"https:\/\/www.maculart.com\/es\/#website"},"primaryImageOfPage":{"@id":"https:\/\/www.maculart.com\/es\/grup-maculart\/#primaryimage"},"image":{"@id":"https:\/\/www.maculart.com\/es\/grup-maculart\/#primaryimage"},"thumbnailUrl":"https:\/\/www.maculart.com\/app\/uploads\/2023\/07\/Rectangle-4-1.jpg","datePublished":"2023-07-12T08:07:52+00:00","dateModified":"2023-08-25T10:04:20+00:00","inLanguage":"es","potentialAction":[{"@type":"ReadAction","target":["https:\/\/www.maculart.com\/es\/grup-maculart\/"]}]},{"@type":"ImageObject","inLanguage":"es","@id":"https:\/\/www.maculart.com\/es\/grup-maculart\/#primaryimage","url":"https:\/\/www.maculart.com\/app\/uploads\/2023\/07\/Rectangle-4-1.jpg","contentUrl":"https:\/\/www.maculart.com\/app\/uploads\/2023\/07\/Rectangle-4-1.jpg","width":712,"height":600},{"@type":"WebSite","@id":"https:\/\/www.maculart.com\/es\/#website","url":"https:\/\/www.maculart.com\/es\/","name":"Maculart","description":"","potentialAction":[{"@type":"SearchAction","target":{"@type":"EntryPoint","urlTemplate":"https:\/\/www.maculart.com\/es\/?s={search_term_string}"},"query-input":{"@type":"PropertyValueSpecification","valueRequired":true,"valueName":"search_term_string"}}],"inLanguage":"es"}]}</script>
<!-- / Yoast SEO plugin. -->

El sector del embalaje se ha convertido en un elemento cotidiano esencial. Ahora el packaging forma parte intrínseca de la imagen del producto y en Grup Maculart trabajamos para que...
